the prime factors of f?
7, 23
Suppose -4*h + 3*r = -115, -2*r + 8 = 2. What are the prime factors of h?
31
List the prime factors of 3 - -158*(-3 + 4).
7, 23
Let o = -3 - -18. Let v = -23 + o. What are the prime factors of (-10)/(-3)*(-12)/v?
5
Let c be -2*(16/(-1))/(-2). Let p = c + 4. What are the prime factors of (-3)/(-2)*(-40)/p?
5
Suppose 88 = 2*f + 10. List the prime factors of f.
3, 13
Let t(b) = -b**3 - 10*b**2 - 3*b + 3. Suppose i - 4*v = -22, 3 = v - 0*v. What are the prime factors of t(i)?
3, 11
Suppose -2*m = -5*q + 14, 0 = -4*q + 3*m - 7*m. Suppose 2*l - 8 = -q*x, -5*x = -4*x + 2. List the prime factors of l.
2, 3
Let d be (4/(-14))/((-3)/21). Suppose 2*r = -d*r + 36. List the prime factors of r.
3
Let u = 503 - 246. List the prime factors of u.
257
Let n(j) = j**3 - j**2 - j - 1. Suppose 22 = 5*k - 3. Suppose 5*p - i = 10, k*p = 3*i - 5*i + 25. What are the prime factors of n(p)?
2, 7
Let z = -6 - -9. What are the prime factors of z - (2 - 3) - 2?
2
Let l = -2 + 4. Let i be l/8 + 29/(-4). List the prime factors of (-4)/(-14) - 40/i.
2, 3
Let s be 1 - -1*(-2)/(-2). Suppose s*a + 6*n = 3*n - 5, a - 2*n - 15 = 0. List the prime factors of a.
5
Suppose j + 3 = -3. Let f be (2/(-6))/((-5)/135). List the prime factors of (j/f)/(1/(-6)).
2
Let z(f) = -4*f + 4*f + 2*f + 3*f**2 - f**3 - 1. List the prime factors of z(2).
7
Let p = -43 - -61. What are the prime factors of p?
2, 3
Let d(m) = -m + 4. Let z be d(4). Suppose -3*v + z*v - 57 = 0. Let f = v + 33. What are the prime factors of f?
2, 7
Let b = 1 - 8. Let a = -1 - b. List the prime factors of a.
2, 3
Suppose 4*l + 78 = 2*u, -3*l = -l - 4*u + 36. Let x = l + 43. What are the prime factors of x?
23
Let q(c) = -3*c. Suppose 1 = -l, 4*t + 2 = 5*t + l. Let p be q(t). Let r = p + 23. What are the prime factors of r?
2, 7
Let g(w) = w**2 - 7*w - 2. Let z be g(9). Let n(k) = k**3 - 17*k**2 + 19*k - 22. List the prime factors of n(z).
2, 13
Let u = -160 + 279. What are the prime factors of u?
7, 17
Let l be (-6)/45*-3*5. Suppose -l*d + 48 = -0*d. What are the prime factors of d?
2, 3
Suppose 2*u - 3*o = -2*u - 1, -4*u + 2*o + 2 = 0. What are the prime factors of u?
2
Let u be ((-30)/(-15))/(1/49). Suppose u = 4*s - 118. List the prime factors of s.
2, 3
Suppose 2*z = z + 25. What are the prime factors of z?
5
Let s(o) = 3*o**2 + 5*o - 5. Let f be s(3). Suppose -a = -n - f, 30 = 2*a - 3*n - 46. List the prime factors of a.
5, 7
Let f(g) = -5*g**2 - 4*g**3 + 3*g**3 - 2 - 2*g - 2*g. What are the prime factors of f(-5)?
2, 3
Let k(p) = 9*p**2 - 4*p. What are the prime factors of k(-6)?
2, 3, 29
Let j = 7 - 11. What are the prime factors of (j/5)/((-4)/50)?
2, 5
Let p be 2/(-5) - (-13)/(-5). Let b be 0 + (-36 - 3/p). Let z = -23 - b. List the prime factors of z.
2, 3
Let u(m) = 5*m + 1. Let x be u(-1). Suppose 4*t - 56 = -0*t. Let v = t + x. What are the prime factors of v?
2, 5
Let x(h) = -426*h**3 + 1. List the prime factors of x(-1).
7, 61
Let o = 53 + 31. List the prime factors of o.
2, 3, 7
Let g(z) = z**3 + 5*z**2 - 7*z - 5. Let c be g(-6). Suppose a = c, 5*b + 5*a - 59 = -14. Let o(h) = h - 3. List the prime factors of o(b).
5
Let p be 91 + 0 + (-2 - -1). Suppose -3*q + p = 2*q. Let o = -13 + q. List the prime factors of o.
5
Let u = 21 - 9. What are the prime factors of u?
2, 3
Let r(k) = -11*k**3 - 16*k**2 + 31*k - 17. Let w(g) = 5*g**3 + 8*g**2 - 15*g + 8. Let x(m) = 6*r(m) + 13*w(m). What are the prime factors of x(6)?
2, 5
Suppose 0 = -0*m + 2*m + 4*y + 20, -4*m - 26 = y. Let j be (4/(-3))/(4/m). Suppose 0 = -5*v + f + 32, -3*v = j*f - 0*f - 27. What are the prime factors of v?
7
Suppose -2*b - 58 = -4*m - 0, 5*b = -25. What are the prime factors of m?
2, 3
Suppose -2*j + 0*p - 2*p + 18 = 0, 0 = 4*j + 3*p - 32. Suppose -2*z + 4*l = -18, -4*z - l + 22 + j = 0. Let r = z + -5. List the prime factors of r.
2
Let n(w) = 10*w + 75. What are the prime factors of n(5)?
5
Suppose -4*c + 0*c + 12 = 0. Suppose 13 = c*d - 2. Suppose -1 = -j + d. List the prime factors of j.
2, 3
Let j(o) = -14*o - 17. What are the prime factors of j(-5)?
53
Suppose 0 = 2*m + 3*m - 20. Suppose m*a = 20 + 20. List the prime factors of a.
2, 5
Let u(y) = 1 + 2*y - 3 - 5*y + 5*y. List the prime factors of u(6).
2, 5
Let n = -3 + 3. Suppose 0*w - 5*w - 25 = 0, -3*p + 3*w + 72 = n. What are the prime factors of p?
19
Suppose 3*b = 70 + 17. List the prime factors of b.
29
Let m be 7 - (3 - 2/2). Suppose 12 = -3*c + 2*x, -2*c + 2*x = m + 5. Let v = c - -8. What are the prime factors of v?
2, 3
Suppose o = -0*o - 3. Let v = o - -5. Suppose v*h + 18 + 14 = 2*c, 3 = -3*h. List the prime factors of c.
3, 5
Let r(c) = 155*c**2 - c - 2. What are the prime factors of r(-1)?
2, 7, 11
Let o = 15 - 11. What are the prime factors of 2/o + 266/28?
2, 5
Let w be 4/6 - (-4)/(-6). Suppose 0 = f - 1, w*f - 43 = -2*s - f. What are the prime factors of s?
3, 7
Let m be 21/15 + 4/(-10). Suppose m - 3 = -v. Suppose 0*r = r - v*q - 15, 40 = 4*r - 3*q. What are the prime factors of r?
7
Suppose -3*w - 23 = -4*b, -30 = b + 5*w - 7. Suppose 0 = 5*c + 4*u - 5, -12 = -3*c - u - b. Let s = 11 - c. List the prime factors of s.
2, 3
Let x = 12 + -5. Let c(y) = -y + 7. Let i be c(x). Suppose i*r - 2*r = 5*g - 6, g = 2*r - 18. List the prime factors of r.
2
Suppose 0 = -3*y - 2 - 1, 3*d = 3*y + 81. List the prime factors of d.
2, 13
Let i(j) = -j**3 + j**2 - j + 28. What are the prime factors of i(0)?
2, 7
Suppose -759 = -9*q + 24. What are the prime factors of q?
3, 29
Let u = 380 + -227. What are the prime factors of u?
3, 17
Let p = 14 - -25. What are the prime factors of p?
3, 13
Let o = 100 - 59. Suppose 5*k = -4*v + o, -3*v = -k - 41 - 4. Suppose 4*m - 2 = v. List the prime factors of m.
2
Let a(b) = 14*b**3 - b**2 - 2*b + 2. List the prime factors of a(1).
13
Suppose 0 = c + 3*c. Suppose 5*x = -z + 39, -3*x + 10 = -x. Let l = z - c. What are the prime factors of l?
2, 7
Let c be (66/55)/(4/(-30)). Let y be (-1)/((-2)/(-44)) + -1. Let b = c - y. What are the prime factors of b?
2, 7
Suppose -337 = -4*s + 3*d, -3*s = -2*d - 0*d - 252. What are the prime factors of s?
2, 41
Suppose -5*l + 5*a = -130, -2 + 3 = -a. List the prime factors of l.
5
Suppose y = 3*y - 16. What are the prime factors of 24/14 - y/(-28)?
2
Suppose -6*c = -10*c + 156. What are the prime factors of c?
3, 13
Suppose o + 4*p - 110 = 42, -5*p = -3*o + 405. Suppose -j = -6*j + o. List the prime factors of j.
2, 7
Let j(n) = -3*n**3 - 2*n**2 - 2*n - 1. Let o be j(-1). Let l = -2 - o. What are the prime factors of (1 + l)*3*-1?
3
Let b(r) = -r**3 - 10*r**2 - 5*r - 5. Let o be b(-8). Let s be 4*(o/4)/(-3). Suppose t - 6 = -4*j + 8, 3*t - s = -j. List the prime factors of t.
2, 5
Suppose -2*j + 9 + 213 = 0. What are the prime factors of j?
3, 37
Let b = -28 - -16. Let c = b + 21. What are the prime factors of c?
3
Let y = 6 + -3. Suppose 2*g = -4*i - 4, 0 = -y*i - 3*g + 6 - 3. What are the prime factors of (14/(-4))/(i/6)?
7
Let u(r) be the second derivative of -r**3/6 + 5*r**2 + r. Let v be u(6). Let y = v - -2. What are the prime factors of y?
2, 3
Suppose -4*a = 4*d - 88, 2*d - 3*d = 4*a - 10. What are the prime factors of d?
2, 13
What are the prime factors of 8/(-44) - (-290)/22?
13
Let g = 148 + -82. What are the prime factors of g?
2, 3, 11
Let i(g) = -g**3 + 19*g**2 + 7*g + 13. What are the prime factors of i(19)?
2, 73
Let v(b) = -2*b - 4 - 5 - 2. Let a(g) = -g**2 + 10*g + 1. Let z be a(11). What are the prime factors of v(z)?
3
Let d be ((-5)/2)/(2/(-20)). Suppose 3 = -k - 2*z, -3*z = -2*k + z + 26. Suppose k*i + 0*i = d. List the prime factors of i.
5
Let s = 8 + -5. Let o be 2 + 6/(-2 - 1). Let w = s - o. List the prime factors of w.
3
Let n(w) = 3*w - 4. Let o be n(5). Suppose -5*r - o = -76. What are the prime factors of r?
13
Suppose -5*t + 4*b + 28 = -t, -2*b = 6. What are the prime factors of t?
2
Let t(c) = 4*c**3. Let j be t(1). Let k = 1 - -3. Suppose 5*n - j*n = k. List the prime factors of n.
2
Let x(r) = -3*r - 4. Let y be x(-3). Let c(q) = -q**2 + 5*q - 6. Let o be c(y). Let k = 8 + o. List the prime factors of k.
2
What are the prime factors of (-7 - -414) + (-2 - -3)?
2, 3, 17
Let y(m) = -m**3 + 8*m**2 - 6*m - 3. Let c be y(7). List the prime factors